{"id":1644,"date":"2015-11-04T10:56:01","date_gmt":"2015-11-04T12:56:01","guid":{"rendered":"http:\/\/talent.efix.net\/pt\/wp-content\/uploads\/sites\/2\/2015\/11\/the-impact-of-employee-driven-corporate-social-responsibility.png"},"modified":"2015-11-04T10:56:19","modified_gmt":"2015-11-04T12:56:19","slug":"the-impact-of-employee-driven-corporate-social-responsibility","status":"inherit","type":"attachment","link":"https:\/\/talent.efix.net\/pt\/qual-e-o-estado-atual-da-gestao-de-desempenho-em-sua-empresa\/the-impact-of-employee-driven-corporate-social-responsibility\/","title":{"rendered":"the-impact-of-employee-driven-corporate-social-responsibility"},"author":7,"comment_status":"open","ping_status":"closed","template":"","meta":[],"yoast_head":"<!-- This site is optimized with the Yoast SEO plugin v22.2 - https:\/\/yoast.com\/wordpress\/plugins\/seo\/ -->\n<title>the-impact-of-employee-driven-corporate-social-responsibility | Efix Portugu\u00eas<\/title>\n<meta name=\"robots\" content=\"index, follow, max-snippet:-1, max-image-preview:large, max-video-preview:-1\" \/>\n<link rel=\"canonical\" href=\"https:\/\/talent.efix.net\/pt\/wp-content\/uploads\/sites\/2\/2015\/11\/the-impact-of-employee-driven-corporate-social-responsibility.png\" \/>\n<meta property=\"og:locale\" content=\"pt_BR\" \/>\n<meta property=\"og:type\" content=\"article\" \/>\n<meta property=\"og:title\" content=\"the-impact-of-employee-driven-corporate-social-responsibility | Efix Portugu\u00eas\" \/>\n<meta property=\"og:url\" content=\"https:\/\/talent.efix.net\/pt\/wp-content\/uploads\/sites\/2\/2015\/11\/the-impact-of-employee-driven-corporate-social-responsibility.png\" \/>\n<meta property=\"og:site_name\" content=\"Efix Portugu\u00eas\" \/>\n<meta property=\"article:publisher\" content=\"https:\/\/www.facebook.com\/efixnet\" \/>\n<meta property=\"article:modified_time\" content=\"2015-11-04T12:56:19+00:00\" \/>\n<meta property=\"og:image\" content=\"https:\/\/talent.efix.net\/pt\/wp-content\/uploads\/sites\/2\/2015\/11\/the-impact-of-employee-driven-corporate-social-responsibility.png\" \/>\n\t<meta property=\"og:image:width\" content=\"848\" \/>\n\t<meta property=\"og:image:height\" content=\"450\" \/>\n\t<meta property=\"og:image:type\" content=\"image\/png\" \/>\n<meta name=\"twitter:card\" content=\"summary_large_image\" \/>\n<meta name=\"twitter:site\" content=\"@EfixNet\" \/>\n<script type=\"application\/ld+json\" class=\"yoast-schema-graph\">{\"@context\":\"https:\/\/schema.org\",\"@graph\":[{\"@type\":\"WebPage\",\"@id\":\"https:\/\/talent.efix.net\/pt\/wp-content\/uploads\/sites\/2\/2015\/11\/the-impact-of-employee-driven-corporate-social-responsibility.png\",\"url\":\"https:\/\/talent.efix.net\/pt\/wp-content\/uploads\/sites\/2\/2015\/11\/the-impact-of-employee-driven-corporate-social-responsibility.png\",\"name\":\"the-impact-of-employee-driven-corporate-social-responsibility | Efix Portugu\u00eas\",\"isPartOf\":{\"@id\":\"https:\/\/talent.efix.net\/pt\/#website\"},\"datePublished\":\"2015-11-04T12:56:01+00:00\",\"dateModified\":\"2015-11-04T12:56:19+00:00\",\"breadcrumb\":{\"@id\":\"https:\/\/talent.efix.net\/pt\/wp-content\/uploads\/sites\/2\/2015\/11\/the-impact-of-employee-driven-corporate-social-responsibility.png#breadcrumb\"},\"inLanguage\":\"pt-BR\",\"potentialAction\":[{\"@type\":\"ReadAction\",\"target\":[\"https:\/\/talent.efix.net\/pt\/wp-content\/uploads\/sites\/2\/2015\/11\/the-impact-of-employee-driven-corporate-social-responsibility.png\"]}]},{\"@type\":\"BreadcrumbList\",\"@id\":\"https:\/\/talent.efix.net\/pt\/wp-content\/uploads\/sites\/2\/2015\/11\/the-impact-of-employee-driven-corporate-social-responsibility.png#breadcrumb\",\"itemListElement\":[{\"@type\":\"ListItem\",\"position\":1,\"name\":\"Home\",\"item\":\"https:\/\/talent.efix.net\/pt\/\"},{\"@type\":\"ListItem\",\"position\":2,\"name\":\"Qual \u00e9 o estado atual da gest\u00e3o de desempenho em sua empresa?\",\"item\":\"https:\/\/talent.efix.net\/pt\/qual-e-o-estado-atual-da-gestao-de-desempenho-em-sua-empresa\/\"},{\"@type\":\"ListItem\",\"position\":3,\"name\":\"the-impact-of-employee-driven-corporate-social-responsibility\"}]},{\"@type\":\"WebSite\",\"@id\":\"https:\/\/talent.efix.net\/pt\/#website\",\"url\":\"https:\/\/talent.efix.net\/pt\/\",\"name\":\"Efix\",\"description\":\"Solu\u00e7\u00f5es para Gest\u00e3o e Desenvolvimento de Pessoas\",\"publisher\":{\"@id\":\"https:\/\/talent.efix.net\/pt\/#organization\"},\"potentialAction\":[{\"@type\":\"SearchAction\",\"target\":{\"@type\":\"EntryPoint\",\"urlTemplate\":\"https:\/\/talent.efix.net\/pt\/?s={search_term_string}\"},\"query-input\":\"required name=search_term_string\"}],\"inLanguage\":\"pt-BR\"},{\"@type\":\"Organization\",\"@id\":\"https:\/\/talent.efix.net\/pt\/#organization\",\"name\":\"Efix\",\"url\":\"https:\/\/talent.efix.net\/pt\/\",\"logo\":{\"@type\":\"ImageObject\",\"inLanguage\":\"pt-BR\",\"@id\":\"https:\/\/talent.efix.net\/pt\/#\/schema\/logo\/image\/\",\"url\":\"https:\/\/talent.efix.net\/pt\/wp-content\/uploads\/sites\/2\/2024\/03\/logo.png\",\"contentUrl\":\"https:\/\/talent.efix.net\/pt\/wp-content\/uploads\/sites\/2\/2024\/03\/logo.png\",\"width\":103,\"height\":77,\"caption\":\"Efix\"},\"image\":{\"@id\":\"https:\/\/talent.efix.net\/pt\/#\/schema\/logo\/image\/\"},\"sameAs\":[\"https:\/\/www.facebook.com\/efixnet\",\"https:\/\/twitter.com\/EfixNet\"]}]}<\/script>\n<!-- \/ Yoast SEO plugin. -->","yoast_head_json":{"title":"the-impact-of-employee-driven-corporate-social-responsibility | Efix Portugu\u00eas","robots":{"index":"index","follow":"follow","max-snippet":"max-snippet:-1","max-image-preview":"max-image-preview:large","max-video-preview":"max-video-preview:-1"},"canonical":"https:\/\/talent.efix.net\/pt\/wp-content\/uploads\/sites\/2\/2015\/11\/the-impact-of-employee-driven-corporate-social-responsibility.png","og_locale":"pt_BR","og_type":"article","og_title":"the-impact-of-employee-driven-corporate-social-responsibility | Efix Portugu\u00eas","og_url":"https:\/\/talent.efix.net\/pt\/wp-content\/uploads\/sites\/2\/2015\/11\/the-impact-of-employee-driven-corporate-social-responsibility.png","og_site_name":"Efix Portugu\u00eas","article_publisher":"https:\/\/www.facebook.com\/efixnet","article_modified_time":"2015-11-04T12:56:19+00:00","og_image":[{"width":848,"height":450,"url":"https:\/\/talent.efix.net\/pt\/wp-content\/uploads\/sites\/2\/2015\/11\/the-impact-of-employee-driven-corporate-social-responsibility.png","type":"image\/png"}],"twitter_card":"summary_large_image","twitter_site":"@EfixNet","schema":{"@context":"https:\/\/schema.org","@graph":[{"@type":"WebPage","@id":"https:\/\/talent.efix.net\/pt\/wp-content\/uploads\/sites\/2\/2015\/11\/the-impact-of-employee-driven-corporate-social-responsibility.png","url":"https:\/\/talent.efix.net\/pt\/wp-content\/uploads\/sites\/2\/2015\/11\/the-impact-of-employee-driven-corporate-social-responsibility.png","name":"the-impact-of-employee-driven-corporate-social-responsibility | Efix Portugu\u00eas","isPartOf":{"@id":"https:\/\/talent.efix.net\/pt\/#website"},"datePublished":"2015-11-04T12:56:01+00:00","dateModified":"2015-11-04T12:56:19+00:00","breadcrumb":{"@id":"https:\/\/talent.efix.net\/pt\/wp-content\/uploads\/sites\/2\/2015\/11\/the-impact-of-employee-driven-corporate-social-responsibility.png#breadcrumb"},"inLanguage":"pt-BR","potentialAction":[{"@type":"ReadAction","target":["https:\/\/talent.efix.net\/pt\/wp-content\/uploads\/sites\/2\/2015\/11\/the-impact-of-employee-driven-corporate-social-responsibility.png"]}]},{"@type":"BreadcrumbList","@id":"https:\/\/talent.efix.net\/pt\/wp-content\/uploads\/sites\/2\/2015\/11\/the-impact-of-employee-driven-corporate-social-responsibility.png#breadcrumb","itemListElement":[{"@type":"ListItem","position":1,"name":"Home","item":"https:\/\/talent.efix.net\/pt\/"},{"@type":"ListItem","position":2,"name":"Qual \u00e9 o estado atual da gest\u00e3o de desempenho em sua empresa?","item":"https:\/\/talent.efix.net\/pt\/qual-e-o-estado-atual-da-gestao-de-desempenho-em-sua-empresa\/"},{"@type":"ListItem","position":3,"name":"the-impact-of-employee-driven-corporate-social-responsibility"}]},{"@type":"WebSite","@id":"https:\/\/talent.efix.net\/pt\/#website","url":"https:\/\/talent.efix.net\/pt\/","name":"Efix","description":"Solu\u00e7\u00f5es para Gest\u00e3o e Desenvolvimento de Pessoas","publisher":{"@id":"https:\/\/talent.efix.net\/pt\/#organization"},"potentialAction":[{"@type":"SearchAction","target":{"@type":"EntryPoint","urlTemplate":"https:\/\/talent.efix.net\/pt\/?s={search_term_string}"},"query-input":"required name=search_term_string"}],"inLanguage":"pt-BR"},{"@type":"Organization","@id":"https:\/\/talent.efix.net\/pt\/#organization","name":"Efix","url":"https:\/\/talent.efix.net\/pt\/","logo":{"@type":"ImageObject","inLanguage":"pt-BR","@id":"https:\/\/talent.efix.net\/pt\/#\/schema\/logo\/image\/","url":"https:\/\/talent.efix.net\/pt\/wp-content\/uploads\/sites\/2\/2024\/03\/logo.png","contentUrl":"https:\/\/talent.efix.net\/pt\/wp-content\/uploads\/sites\/2\/2024\/03\/logo.png","width":103,"height":77,"caption":"Efix"},"image":{"@id":"https:\/\/talent.efix.net\/pt\/#\/schema\/logo\/image\/"},"sameAs":["https:\/\/www.facebook.com\/efixnet","https:\/\/twitter.com\/EfixNet"]}]}},"description":{"rendered":"<p class=\"attachment\"><a href='https:\/\/talent.efix.net\/pt\/wp-content\/uploads\/sites\/2\/2015\/11\/the-impact-of-employee-driven-corporate-social-responsibility.png'><img loading=\"lazy\" decoding=\"async\" width=\"300\" height=\"159\" src=\"https:\/\/talent.efix.net\/pt\/wp-content\/uploads\/sites\/2\/2015\/11\/the-impact-of-employee-driven-corporate-social-responsibility-300x159.png\" class=\"attachment-medium size-medium\" alt=\"Qual \u00e9 o estado atual da gest\u00e3o de desempenho em sua empresa?\" srcset=\"https:\/\/talent.efix.net\/pt\/wp-content\/uploads\/sites\/2\/2015\/11\/the-impact-of-employee-driven-corporate-social-responsibility-300x159.png 300w, https:\/\/talent.efix.net\/pt\/wp-content\/uploads\/sites\/2\/2015\/11\/the-impact-of-employee-driven-corporate-social-responsibility.png 848w\" sizes=\"(max-width: 300px) 100vw, 300px\" \/><\/a><\/p>\n"},"caption":{"rendered":""},"alt_text":"Qual \u00e9 o estado atual da gest\u00e3o de desempenho em sua empresa?","media_type":"image","mime_type":"image\/png","media_details":{"width":848,"height":450,"file":"2015\/11\/the-impact-of-employee-driven-corporate-social-responsibility.png","sizes":{"thumbnail":{"file":"the-impact-of-employee-driven-corporate-social-responsibility-150x150.png","width":150,"height":150,"mime_type":"image\/png","source_url":"https:\/\/talent.efix.net\/pt\/wp-content\/uploads\/sites\/2\/2015\/11\/the-impact-of-employee-driven-corporate-social-responsibility-150x150.png"},"medium":{"file":"the-impact-of-employee-driven-corporate-social-responsibility-300x159.png","width":300,"height":159,"mime_type":"image\/png","source_url":"https:\/\/talent.efix.net\/pt\/wp-content\/uploads\/sites\/2\/2015\/11\/the-impact-of-employee-driven-corporate-social-responsibility-300x159.png"},"banner":{"file":"the-impact-of-employee-driven-corporate-social-responsibility-848x318.png","width":848,"height":318,"mime_type":"image\/png","source_url":"https:\/\/talent.efix.net\/pt\/wp-content\/uploads\/sites\/2\/2015\/11\/the-impact-of-employee-driven-corporate-social-responsibility-848x318.png"},"banner-interno-1":{"file":"the-impact-of-employee-driven-corporate-social-responsibility-848x137.png","width":848,"height":137,"mime_type":"image\/png","source_url":"https:\/\/talent.efix.net\/pt\/wp-content\/uploads\/sites\/2\/2015\/11\/the-impact-of-employee-driven-corporate-social-responsibility-848x137.png"},"logo-cliente":{"file":"the-impact-of-employee-driven-corporate-social-responsibility-152x92.png","width":152,"height":92,"mime_type":"image\/png","source_url":"https:\/\/talent.efix.net\/pt\/wp-content\/uploads\/sites\/2\/2015\/11\/the-impact-of-employee-driven-corporate-social-responsibility-152x92.png"},"full":{"file":"the-impact-of-employee-driven-corporate-social-responsibility.png","width":848,"height":450,"mime_type":"image\/png","source_url":"https:\/\/talent.efix.net\/pt\/wp-content\/uploads\/sites\/2\/2015\/11\/the-impact-of-employee-driven-corporate-social-responsibility.png"}},"image_meta":{"aperture":0,"credit":"","camera":"","caption":"","created_timestamp":0,"copyright":"","focal_length":0,"iso":0,"shutter_speed":0,"title":"","orientation":0}},"post":1642,"source_url":"https:\/\/talent.efix.net\/pt\/wp-content\/uploads\/sites\/2\/2015\/11\/the-impact-of-employee-driven-corporate-social-responsibility.png","_links":{"self":[{"href":"https:\/\/talent.efix.net\/pt\/wp-json\/wp\/v2\/media\/1644"}],"collection":[{"href":"https:\/\/talent.efix.net\/pt\/wp-json\/wp\/v2\/media"}],"about":[{"href":"https:\/\/talent.efix.net\/pt\/wp-json\/wp\/v2\/types\/attachment"}],"author":[{"embeddable":true,"href":"https:\/\/talent.efix.net\/pt\/wp-json\/wp\/v2\/users\/7"}],"replies":[{"embeddable":true,"href":"https:\/\/talent.efix.net\/pt\/wp-json\/wp\/v2\/comments?post=1644"}]}}

<!-- This site is optimized with the Yoast SEO plugin v22.2 - https://yoast.com/wordpress/plugins/seo/ -->
<title>the-impact-of-employee-driven-corporate-social-responsibility | Efix Português</title>
<meta name="robots" content="index, follow, max-snippet:-1, max-image-preview:large, max-video-preview:-1" />
<link rel="canonical" href="https://talent.efix.net/pt/wp-content/uploads/sites/2/2015/11/the-impact-of-employee-driven-corporate-social-responsibility.png" />
<meta property="og:locale" content="pt_BR" />
<meta property="og:type" content="article" />
<meta property="og:title" content="the-impact-of-employee-driven-corporate-social-responsibility | Efix Português" />
<meta property="og:url" content="https://talent.efix.net/pt/wp-content/uploads/sites/2/2015/11/the-impact-of-employee-driven-corporate-social-responsibility.png" />
<meta property="og:site_name" content="Efix Português" />
<meta property="article:publisher" content="https://www.facebook.com/efixnet" />
<meta property="article:modified_time" content="2015-11-04T12:56:19+00:00" />
<meta property="og:image" content="https://talent.efix.net/pt/wp-content/uploads/sites/2/2015/11/the-impact-of-employee-driven-corporate-social-responsibility.png" />
	<meta property="og:image:width" content="848" />
	<meta property="og:image:height" content="450" />
	<meta property="og:image:type" content="image/png" />
<meta name="twitter:card" content="summary_large_image" />
<meta name="twitter:site" content="@EfixNet" />
<script type="application/ld+json" class="yoast-schema-graph">{"@context":"https://schema.org","@graph":[{"@type":"WebPage","@id":"https://talent.efix.net/pt/wp-content/uploads/sites/2/2015/11/the-impact-of-employee-driven-corporate-social-responsibility.png","url":"https://talent.efix.net/pt/wp-content/uploads/sites/2/2015/11/the-impact-of-employee-driven-corporate-social-responsibility.png","name":"the-impact-of-employee-driven-corporate-social-responsibility | Efix Português","isPartOf":{"@id":"https://talent.efix.net/pt/#website"},"datePublished":"2015-11-04T12:56:01+00:00","dateModified":"2015-11-04T12:56:19+00:00","breadcrumb":{"@id":"https://talent.efix.net/pt/wp-content/uploads/sites/2/2015/11/the-impact-of-employee-driven-corporate-social-responsibility.png#breadcrumb"},"inLanguage":"pt-BR","potentialAction":[{"@type":"ReadAction","target":["https://talent.efix.net/pt/wp-content/uploads/sites/2/2015/11/the-impact-of-employee-driven-corporate-social-responsibility.png"]}]},{"@type":"BreadcrumbList","@id":"https://talent.efix.net/pt/wp-content/uploads/sites/2/2015/11/the-impact-of-employee-driven-corporate-social-responsibility.png#breadcrumb","itemListElement":[{"@type":"ListItem","position":1,"name":"Home","item":"https://talent.efix.net/pt/"},{"@type":"ListItem","position":2,"name":"Qual é o estado atual da gestão de desempenho em sua empresa?","item":"https://talent.efix.net/pt/qual-e-o-estado-atual-da-gestao-de-desempenho-em-sua-empresa/"},{"@type":"ListItem","position":3,"name":"the-impact-of-employee-driven-corporate-social-responsibility"}]},{"@type":"WebSite","@id":"https://talent.efix.net/pt/#website","url":"https://talent.efix.net/pt/","name":"Efix","description":"Soluções para Gestão e Desenvolvimento de Pessoas","publisher":{"@id":"https://talent.efix.net/pt/#organization"},"potentialAction":[{"@type":"SearchAction","target":{"@type":"EntryPoint","urlTemplate":"https://talent.efix.net/pt/?s={search_term_string}"},"query-input":"required name=search_term_string"}],"inLanguage":"pt-BR"},{"@type":"Organization","@id":"https://talent.efix.net/pt/#organization","name":"Efix","url":"https://talent.efix.net/pt/","logo":{"@type":"ImageObject","inLanguage":"pt-BR","@id":"https://talent.efix.net/pt/#/schema/logo/image/","url":"https://talent.efix.net/pt/wp-content/uploads/sites/2/2024/03/logo.png","contentUrl":"https://talent.efix.net/pt/wp-content/uploads/sites/2/2024/03/logo.png","width":103,"height":77,"caption":"Efix"},"image":{"@id":"https://talent.efix.net/pt/#/schema/logo/image/"},"sameAs":["https://www.facebook.com/efixnet","https://twitter.com/EfixNet"]}]}</script>
<!-- / Yoast SEO plugin. -->

the-impact-of-employee-driven-corporate-social-responsibility | Efix Português

Efix Português

Qual é o estado atual da gestão de desempenho em sua empresa?

Soluções para Gestão e Desenvolvimento de Pessoas

<p class="attachment"><a href='https://talent.efix.net/pt/wp-content/uploads/sites/2/2015/11/the-impact-of-employee-driven-corporate-social-responsibility.png'><img loading="lazy" decoding="async" width="300" height="159" src="https://talent.efix.net/pt/wp-content/uploads/sites/2/2015/11/the-impact-of-employee-driven-corporate-social-responsibility-300x159.png" class="attachment-medium size-medium" alt="Qual é o estado atual da gestão de desempenho em sua empresa?" srcset="https://talent.efix.net/pt/wp-content/uploads/sites/2/2015/11/the-impact-of-employee-driven-corporate-social-responsibility-300x159.png 300w, https://talent.efix.net/pt/wp-content/uploads/sites/2/2015/11/the-impact-of-employee-driven-corporate-social-responsibility.png 848w" sizes="(max-width: 300px) 100vw, 300px" /></a></p>
